{"id":8303,"date":"2018-05-28T18:03:59","date_gmt":"2018-05-28T18:03:59","guid":{"rendered":"http:\/\/automobili-princip.hr\/?page_id=8303"},"modified":"2018-05-28T18:03:59","modified_gmt":"2018-05-28T18:03:59","slug":"politika-privatnosti","status":"publish","type":"page","link":"https:\/\/automobili-princip.hr\/?page_id=8303","title":{"rendered":"Politika privatnosti"},"content":{"rendered":"<p><strong>VODITELJ OBRADE PODATAKA<\/strong><\/p>\n<p>Automobili Princip d.o.o. s registriranim sjedi\u0161tem u Matije Gupca 28c, Zapre\u0161i\u0107, voditelj je obrade va\u0161ih osobnih podataka.<\/p>\n<p>Politika privatnosti se primjenjuje na sve osobne podatke korisnika koje prikupljamo i obra\u0111ujemo, izravno ili putem svojih partnera.<\/p>\n<p>Osobni podatak je svaka informacija, odnosno podatak ili skup podataka koji se odnosi na fizi\u010dku osobu \u010diji je identitet utvr\u0111en ili se mo\u017ee utvrditi, izravno ili neizravno.<\/p>\n<p>Obrada podataka je bilo koja radnja izvr\u0161ena na osobnim podacima ili skupovima osobnih podataka, kao \u0161to su prikupljanje, pohrana, upotreba, prilagodba ili izmjena, uvid i prijenos osobnih podataka.<\/p>\n<p>Ova Politika se ne primjenjuje na anonimne podatke. Anonimni podatak je podatak koji se ne mo\u017ee povezati s odre\u0111enom fizi\u010dkom osobom.<\/p>\n<p>Ako imate ikakvih pitanja vezano uz na\u0161u upotrebu va\u0161ih podataka, molimo da se prvo obratite:<\/p>\n<p>Poslovna jedinica:<\/p>\n<p>Automobili Princip d.o.o<\/p>\n<p>Velimira \u0160korpika 14b<\/p>\n<p>Jankomir, Zagreb<\/p>\n<p>+385 1 3460 222<\/p>\n<p>gdpr@automobili-princip.hr<\/p>\n<p><strong>NA KOJI NA\u010cIN PRIKUPLJAMO VA\u0160E PODATKE<\/strong><\/p>\n<p>Automobili Princip obra\u0111uju va\u0161e osobne podatke, izme\u0111u ostalog, u sljede\u0107im slu\u010dajevima:<\/p>\n<ul>\n<li>ako izravno od nas kupite proizvod ili uslugu.<\/li>\n<li>ako nas izravno kontaktirate, npr. putem na\u0161e internetske stranice automobili-princip.hr kako biste zatra\u017eili informacije o na\u0161im proizvodima i uslugama.<\/li>\n<li>ako odgovorite na na\u0161e izravne marketin\u0161ke kampanje, npr. ispunjavanjem kartice za odgovor ili unosom podataka online na na\u0161oj internetskoj stranici.<\/li>\n<li>ako su nam drugi poslovni partneri proslijedili va\u0161e osobne podatke na dozvoljen na\u010din<\/li>\n<li>ako smo va\u0161e osobne podatke dobili iz drugih izvora<\/li>\n<li>ako su nam druga dru\u0161tva ili tre\u0107e strane proslijedili va\u0161e osobne podatke.<\/li>\n<\/ul>\n<p>Ako pru\u017eate podatke u ime druge osobe, morate se pobrinuti da je ta osoba upoznata s ovim pravilima o za\u0161titi privatnosti prije no \u0161to to u\u010dinite. Ako ste maloljetni, molimo vas da nam ne pru\u017eate nikakve podatke bez odobrenja roditelja ili skrbnika.<\/p>\n<p>Kako bismo pravovaljano a\u017eurirali va\u0161e podatke, molimo vas da nas obavijestite o svim promjenama va\u0161ih kontaktnih podataka ili preferencija.<\/p>\n<p><strong>KOJE PODATKE O VAMA MO\u017dEMO PRIKUPLJATI<\/strong><\/p>\n<p>O vama mo\u017eemo prikupljati sljede\u0107e vrste podataka:<\/p>\n<ul>\n<li>Osobni podaci \u2192 datum ro\u0111enja, OIB, broj osobne iskaznice, broj boravi\u0161ne iskaznice, broj bankovnog ra\u010duna, zanimanje, naziv dru\u0161tva, obiteljski status, \u010dlanovi obitelji, voza\u010dka dozvola (kategorija) probna vo\u017enja, spol, hobiji, preferirani na\u010din informiranja, broj \u0161asije, registracijska oznaka.<\/li>\n<li>\u00a0Kontaktni podaci podaci \u2192 o va\u0161oj komunikaciji s Automobilima Princip (e-po\u0161tanska adresa (email), telefonski broj, datum, vrijeme i sadr\u017eaj po\u0161tanske ili email komunikacije, datum, vrijeme i trajanje telefonskih poziva).<\/li>\n<li>Interesi \u2192 informacije o va\u0161im interesima, uklju\u010duju\u0107i vrstu vozila za koje ste zainteresirani.<\/li>\n<li>Fotografije i video snimke \u2192 u slu\u010daju prezentacija automobila i drugih sli\u010dnih doga\u0111anja, mo\u017eemo popratiti doga\u0111aj fotografiranjem ili snimanjem video materijala koje kasnije objavljujemo na internetskim stranicama Automobili Princip i dru\u0161tvenim mre\u017eama.<\/li>\n<li>Kori\u0161tenje internetske stranice \u2192 na\u010din na koji koristite na\u0161u stranicu, uklju\u010duju\u0107i informacije prikupljene putem na\u0161eg obrasca za pru\u017eanje informacija i ostalih tehnologija za pra\u0107enje.<\/li>\n<li>Informacije o prodaji i servisu \u2192 informacije o kupnji, uklju\u010duju\u0107i korisni\u010dki identitet kupca, broj ugovora i informacije o \u010dinjenici kori\u0161tenja opcije financiranja, o podr\u0161ci i uslugama, uklju\u010duju\u0107i prigovore i zahtjeve.<\/li>\n<li>Informacije o povijesti kupca \u2192 stupanj zadovoljstva kupca, podaci o kupnji automobila uklju\u010duju\u0107i model, konfiguraciju, datum kupnje, datum registracije, broj registarskih oznaka, datum narud\u017ebe, datum isporuke, vlasnik automobila, popis cijena, informacije o jamstvu, zaprimljene ponude, rezidualna vrijednost, Opcionalni podaci o osiguranju (npr. vozilo u ku\u0107anstvu, slu\u017ebeno vozilo&#8230;), podaci o kupnji dijelova, dodatne opreme i lifestyle proizvoda, podaci prikupljeni prilikom posjeta poslovnici (npr. zahtjevi, informacije o konzultacijama, odgovorni prodajni savjetnik), povijest kampanje \/ odaziv na kampanje, povijest prigovora, povijest servisa.<\/li>\n<li>Tehni\u010dke informacije o vozilu \u2192 informacije o trenutnim ili pro\u0161lim performansama motora i sustava u vozilu, razina goriva u spremniku, preostala kilometra\u017ea koju vozilo mo\u017ee prije\u0107i s trenutnom razinom napunjenosti spremnika za gorivo, informacije o stanju u prometu u realnom vremenu (ulazni navigacijski podaci), vanjska temperatura, kilometra\u017ea, prosje\u010dna brzina.<\/li>\n<li>Kori\u0161tenje ure\u0111aja i usluga \u2192 na\u010din na koji koristite svoj ure\u0111aj (mobilni ili vozilo) i ponu\u0111ene usluge na ure\u0111aju.<\/li>\n<li>Podaci o konfiguraciji vozila \u2192 informacije o zna\u010dajkama i trenutnim postavkama va\u0161eg vozila (identificira se pomo\u0107u identifikacijskog broja vozila).<\/li>\n<\/ul>\n<p><strong>NA KOJI NA\u010cIN SE VA\u0160I PODACI MOGU KORISTITI<\/strong><\/p>\n<p>Kori\u0161tenje osobnih podataka u skladu s Op\u0107om uredbom (EU) o za\u0161titi osobnih podataka mora biti opravdano temeljem jedne od pravnih \u201eosnova\u201c, a mi smo du\u017eni u ovim pravilima utvrditi osnove za svaku upotrebu osobnih podataka.<\/p>\n<p><strong>Podr\u0161ka kupcima i marketing \u2013 za odgovore na upite i davanje novosti i ponuda \u2192<\/strong><\/p>\n<p>Automobili Princip prikuplja (kontaktne podatke, osobne podatke i interese, informacije o povijesti kupca) te mo\u017ee koristiti (informacije o prodaji i servisu, podatke o konfiguraciji vozila i tehni\u010dke informacije o vozilu) kako bi procijenio koje novosti i ponude vas najvjerojatnije zanimaju te vas kontaktirao u vezi s tim ponudama u skladu s va\u0161im interesima.<\/p>\n<p>U svrhu pru\u017eanja usluga, a u skladu s va\u0161om suglasno\u0161\u0107u, va\u0161e osobne podatke mo\u017eemo davati i nekom od na\u0161ih ugovornih izvr\u0161itelja obrade osobnih podataka (leasing ku\u0107e, banke, STP, osiguravaju\u0107e ku\u0107e, carinska uprava, dobavlja\u010di), zbog \u010dega s vama u kontakt mo\u017ee do\u0107i i neka od tih osoba. Osim prethodno navedenih osoba, va\u0161e osobne podatke ne\u0107emo davati nijednoj tre\u0107oj osobi.<\/p>\n<p>Opravdanje upotrebe: legitimni interes, suglasnost. Ova obrada temelji se na legitimnom interesu Automobila Princip za promoviranjem i pru\u017eanjem informacija o svojim proizvodima i uslugama. Temeljna prava i slobode postoje\u0107ih i potencijalnih kupaca odmjerena su u odnosu na interes Automobila Princip da obra\u0111uje osobne podatke u navedenu svrhu.<\/p>\n<p>Suglasnost za direktni marketing mo\u017ee se u bilo kojem trenutku povu\u0107i. Kupac tako\u0111er mo\u017ee dati prigovor na obradu podataka u gore navedenu svrhu.<\/p>\n<p><strong>Prodaja i servis vozila \u2013 za obradu va\u0161e prodaje, konfiguraciju i servisiranje va\u0161eg vozila<\/strong> \u2192<\/p>\n<p>Automobili Princip \u0107e prikupiti kontaktne podatke, podatke o konfiguraciji vozila, tehni\u010dke informacije o vozilu, informacije o prodaji i servisu kao i informacije o povijesti kupca kada kupite, servisirate ili popravljate vozilo kod nas kao dio prodaje ili usluge, uklju\u010duju\u0107i zahtjeve na temelju jamstva i provjere te \u0107e ih koristiti za pru\u017eanje usluga koje ste tra\u017eili i obavje\u0161tavanje o pitanjima vezanim uz va\u0161e vozilo. Tim informacijama mogu pristupiti Automobili Princip u svrhu rje\u0161avanja tehni\u010dkih ili drugih problema vezano uz isporuku navedenih usluga. Gore navedeni voditelji obrade tako\u0111er mogu imati ograni\u010deni pristup informacijama o lokaciji vozila tijekom postupka popravka koje \u0107e se koristiti isklju\u010divo u skladu sa za\u0161titnim mjerama za informacije o lokaciji.<\/p>\n<p>Pru\u017eanje osobnih podataka u svrhu prodaje i servisa vozila predstavlja ugovornu obvezu te ako ih ne pru\u017eite, to \u0107e utjecati na ispravno izvr\u0161enje ugovora ili ga \u010dak onemogu\u0107iti.<\/p>\n<p>Opravdanje upotrebe: legitimni interesi, izvr\u0161avanje ugovora,.<\/p>\n<p>Ova obrada temelji se na legitimnom interesu Automobila Princip za odr\u017eavanjem najvi\u0161ih standarda prodaje, usluga i proizvoda iz svoje ponude. Temeljna prava i slobode kupaca odmjerena su u odnosu na interes Automobila Princip da obra\u0111uje osobne podatke kupaca u navedenu svrhu.<\/p>\n<p>Kupac u svakom trenutku mo\u017ee izjaviti prigovor na obradu svojih osobnih podataka na temelju svoje specifi\u010dne situacije.<\/p>\n<p><strong>Pravne obveze Automobila Princip \u2013 postizanje sukladnosti s na\u0161im pravnim obvezama prema tijelima za provedbu zakona, regulatornim i sudskim tijelima. \u2192<\/strong><\/p>\n<p>Automobili Princip podlije\u017ee zakonima Hrvatske i du\u017ean ih se pridr\u017eavati. To uklju\u010duje pru\u017eanje va\u0161ih podataka tijelima za provedbu zakona, regulatornim i sudskim tijelima te tre\u0107im parni\u010dnim stranama<\/p>\n<p>vezano uz postupke ili istrage bilo gdje u svijetu gdje je to zahtijevano. Tamo gdje je to dopu\u0161teno, izravno \u0107emo vam uputiti takav zahtjev ili vas obavijestiti prije odgovora, osim ako bi to moglo utjecati na sprje\u010davanje ili otkrivanje zlo\u010dina.<\/p>\n<p>Pru\u017eanje osobnih podataka u svrhu sukladnosti s obvezuju\u0107im zahtjevima za va\u0161im podacima predstavlja zakonsku obvezu koja ovisi o konkretnom zahtjevu.<\/p>\n<p>Opravdanje upotrebe: Pravna obveza, ostvarivanje ili obrana pravnih zahtjeva.<\/p>\n<p><strong>Prijenos tre\u0107im stranama<\/strong><\/p>\n<p>Osobni podaci mogu se prenositi tre\u0107im stranama, pod uvjetom da postoji pravna osnova za prijenos.<\/p>\n<p>Va\u0161i osobni podaci mogu se prenositi ugovornim partnerima i servisima.<\/p>\n<p>Automobili Princip poduzima sve mjere potrebne za za\u0161titu va\u0161ih osobnih podataka sukladno va\u017ee\u0107oj regulativi i dobrim praksama. Osobne podatke obra\u0111ujemo na siguran na\u010din, uklju\u010duju\u0107i za\u0161titu od neovla\u0161tene ili nezakonite obrade te od gubitka.<\/p>\n<p>Svi va\u0161i podaci pohranjuju se na na\u0161im sigurnim poslu\u017eiteljima i sigurnim poslu\u017eiteljima na\u0161ih podizvo\u0111a\u010da ili poslovnih partnera (ili sigurnim tiskanim primjercima) te im se pristupa i koristi ih se u skladu s na\u0161im pravilima i standardima sigurnosti (ili standardima na\u0161ih podizvo\u0111a\u010da ili poslovnih partnera).<\/p>\n<p>Pravne osnove za obradu osobnih podataka<\/p>\n<p>Gore navedena upotreba va\u0161ih osobnih podataka dopu\u0161tena je sukladno propisima EU o za\u0161titi osobnih podataka na temelju sljede\u0107ih glavnih pravnih osnova:<\/p>\n<ul>\n<li>kada ste pristali na obradu (privola\/suglasnost);<\/li>\n<li>kada je to potrebno za sklapanje ili izvr\u0161avanje ugovora;<\/li>\n<li>u svrhu ispunjavanja zakonskih obveza;<\/li>\n<li>u svrhu legitimnih interesa Automobili Princip odmjerenih u odnosu na va\u0161a prava glede za\u0161tite osobnih podataka<\/li>\n<li>kada je to potrebno u pravne svrhe.<\/li>\n<\/ul>\n<p>Za\u0161titne mjere za informacije o lokaciji<\/p>\n<p>Odre\u0111ene usluge mogu se ponuditi samo ako odlu\u010dite otkriti svoju lokaciju ili lokaciju svog vozila. Vrlo ozbiljno shva\u0107amo povjerljivost takve informacije o lokaciji.<\/p>\n<p>Sljede\u0107e za\u0161titne mjere primjenjuju se na informacije o lokaciji (uklju\u010duju\u0107i informacije dobivene u sklopu postupka servisiranja vozila):<\/p>\n<ul>\n<li>Informacija se \u010duva u obliku koji je povezuje s vama ili s va\u0161im vozilom samo onoliko koliko je potrebno za ispunjenje svrhe za koju je suglasnost dana.<\/li>\n<li>Informacija se prikuplja ili joj se pristupa u tom obliku samo kada je to potrebno pru\u017eanje tra\u017eene usluge ili gdje smo zakonski obvezni zadr\u017eati i\/ili pru\u017eiti tu informaciju (i gdje smo obvezni ustupiti tu informaciju tijelu za provedbu zakona ili drugoj tre\u0107oj strani, u tom slu\u010daju \u0107emo vas obavijestiti, osim ako bi to moglo utjecati na sprje\u010davanje ili otkrivanje zlo\u010dina ili ako nam to nije dopu\u0161teno).<\/li>\n<li>Informacije o lokaciji vozila i informacije o lokaciji ure\u0111aja nisu povezane osim ako to nije nu\u017eno za pru\u017eanje tra\u017eene usluge.<\/li>\n<li>Svaka druga upotreba informacija o lokaciji u svrhu analize izvr\u0161it \u0107e se na nepovratno anonimiziranim skupovima podataka.<\/li>\n<\/ul>\n<p>Automobili Princip mogu imati pristup informacijama o lokaciji vozila i mogu imati pristup informacijama o lokaciji ure\u0111aja putem usluga koje pru\u017eaju on-line sustavi u vozilu klijenta.<\/p>\n<p><strong>SIGURNOST VA\u0160IH PODATAKA<\/strong><\/p>\n<p>Koristimo razne sigurnosne mjere, kako bismo za\u0161titili i odr\u017eali sigurnost, integritet i dostupnost va\u0161ih podataka.<\/p>\n<p>Izme\u0111u ostalog, koristimo i sljede\u0107e mjere:<\/p>\n<ul>\n<li>strogo ograni\u010den pristup va\u0161im podacima te isklju\u010divo u svrhe o kojoj ste informirani,<\/li>\n<li>sigurni prijenos prikupljenih podataka,<\/li>\n<li>postavljanje vatrozida na IT sustave u svrhu zabrane neovla\u0161tenog pristupa, i<\/li>\n<li>trajno pra\u0107enje pristupa IT sustavima radi detekcije i sprje\u010davanja zlouporabe osobnih podataka.<\/li>\n<\/ul>\n<p>Za\u0161titne mjere za informacije o lokaciji Odre\u0111ene usluge mogu se ponuditi samo ako odlu\u010dite otkriti svoju lokaciju ili lokaciju svog vozila. Vrlo ozbiljno shva\u0107amo povjerljivost takve informacije o lokaciji.<\/p>\n<p>Sljede\u0107e za\u0161titne mjere primjenjuju se na informacije o lokaciji (uklju\u010duju\u0107i informacije dobivene u sklopu postupka servisiranja vozila):<\/p>\n<ul>\n<li>Informacija se prikuplja ili joj se pristupa u tom obliku samo kada je to potrebno pru\u017eanje tra\u017eene usluge ili gdje smo zakonski obvezni zadr\u017eati i\/ili pru\u017eiti tu informaciju (i gdje smo obvezni ustupiti tu informaciju tijelu za provedbu zakona ili drugoj tre\u0107oj strani, u tom slu\u010daju \u0107emo vas obavijestiti, osim ako bi to moglo utjecati na sprje\u010davanje ili otkrivanje zlo\u010dina ili ako nam to nije dopu\u0161teno).<\/li>\n<li>Informacija se \u010duva u obliku koji je povezuje s vama ili s va\u0161im vozilom samo onoliko koliko je potrebno za ispunjenje svrhe za koju je suglasnost dana.<\/li>\n<li>Informacije o lokaciji vozila i informacije o lokaciji ure\u0111aja nisu povezane osim ako to nije nu\u017eno za pru\u017eanje tra\u017eene usluge.<\/li>\n<\/ul>\n<p><strong>VREMENSKO RAZDOBLJE \u010cUVANJA VA\u0160IH PODATAKA<\/strong><\/p>\n<p>Osobne podatke pohranjujemo i obra\u0111ujemo samo onoliko dugo koliko je potrebno za izvr\u0161enje odre\u0111ene legitimne svrhe, osim ako va\u017ee\u0107im propisima nije za pojedinu svrhu predvi\u0111eno du\u017ee vrijeme \u010duvanja. U slu\u010daju davanja privole za marketing, podatke \u010duvamo onoliko dugo dok se privola ne povu\u010de. U slu\u010daju odbijenih ponuda, gdje nije dana privola za marketing, podatke vezane uz ponudu \u010duvamo godinu dana, a u slu\u010daju da nas zatra\u017eite brisanje, isti \u0107e biti odmah obrisani.<\/p>\n<p>Osobni podaci koji vi\u0161e nisu potrebni se ili nepovratno anonimiziraju ili se uni\u0161tavaju na siguran na\u010din.<\/p>\n<p><strong>VA\u0160A PRAVA NA ZA\u0160TITU PODATAKA I VA\u0160E PRAVO NA PRITU\u017dBU TIJELU ZA ZA\u0160TITU PODATAKA<\/strong><\/p>\n<p>Ako imate ikakvih pitanja u vezi upotrebe va\u0161ih podataka, kontaktirajte nas na e-mail gdpr@automobili-princip.hr ili osobno na adresu Automobili Princip, Velimira \u0160korpika 14b, Zagreb.<\/p>\n<p>Imate pravo:<\/p>\n<ul>\n<li>povu\u0107i danu suglasnost &#8211; ovo pravo zna\u010di da u slu\u010dajevima kada se podaci prikupljaju na temelju slobodno dane privole, kupac ima pravo povu\u0107i danu privolu za prikupljanje i obradu svojih osobnih podatak<\/li>\n<li>pravo na pristup podacima \u2013 ovo pravo zna\u010di da imate pravo znati tko raspola\u017ee va\u0161im osobnim podacima, dobiti potvrdu od voditelja obrade obra\u0111uju li se podaci koji se odnose na vas, koji se podaci obra\u0111uju te u koju svrhu i na koji na\u010din ih obra\u0111ujemo odnosno koristimo<\/li>\n<li>zaprimiti osobne podatke o vama koje ste nam dali u strukturiranom, uobi\u010dajeno upotrebljavanom i strojno \u010ditljivom formatu te \u2013 gdje je to tehni\u010dki mogu\u0107e \u2013 da prenesemo te podatke drugom voditelju obrade bez zapreka ako se obrada va\u0161ih podataka temelji na va\u0161oj suglasnosti te se provodi na automatizirani na\u010din,<\/li>\n<li>pravo na ispravak i brisanje (pravo na zaborav) nepotrebnog odga\u0111anja ako npr. vi\u0161e nisu nu\u017eni u odnosu na svrhu obrade, povu\u0107ena je suglasnost, podaci su nezakonito obra\u0111eni, vi\u0161e nemamo zakonsku osnovu za upotrebu<\/li>\n<li>pravo na ograni\u010denje obrade u pojedinim situacijama (npr. kada je to\u010dnost podataka osporavana pa kupac \u017eeli da voditelj obrade zadr\u017ei njegove podatke)<\/li>\n<li>tra\u017eiti nas da a\u017euriramo sve neto\u010dnosti u podacima koje imamo,<\/li>\n<li>pravo na prigovor na svaku obradu osobnih podataka na izvr\u0161avanje slu\u017ebenih ovlasti voditelja obrade ili na legitimne interese voditelja obrade, tada voditelj ne smije vi\u0161e obra\u0111ivati podatke ispitanika osim ako doka\u017ee da njegovi legitimni razlozi za obradu nadilaze interese ispitanika te radi za\u0161tite pravnih zahtjeva koja se temelji na legitimnom interesu zbog va\u0161e specifi\u010dne situacije, osim ako su razlozi za izvr\u0161enje takve obrade ja\u010di od prava na za\u0161titu osobnih podataka,<\/li>\n<\/ul>\n<p>Va\u0161e kori\u0161tenje ovih prava podlije\u017ee odre\u0111enim izuzecima radi za\u0161tite javnog interesa (npr. sprje\u010davanje ili otkrivanje zlo\u010dina), na\u0161ih interesa (npr. pravne obveze) ili prava i sloboda drugih. Ako koristite bilo koje od ovih prava, provjerit \u0107emo osnovanost va\u0161eg prava i odgovoriti u roku od 30 dana. U slo\u017eenim slu\u010dajevima, ili u slu\u010daju zaprimanja ve\u0107eg broja zahtjeva, ovo razdoblje mo\u017ee se produ\u017eiti za dodatna dva mjeseca, o \u010demu \u0107emo vas obavijestiti. Automobili Princip \u0107e obra\u0111ivati va\u0161e podatke na zakonit i siguran na\u010din. Ukoliko smatrate da Automobili Princip postupa s va\u0161im podacima na nezakonit na\u010din te isto ne mo\u017eete rije\u0161iti u suradnji s nama, imate pravo ulo\u017eiti prigovor Nadzornom tijelu (Agencija za za\u0161titu osobnih podataka \u2013 AZOP).<\/p>\n<p><strong>Obavje\u0161\u0107ivanje o povredi osobnih podataka<\/strong><\/p>\n<p>U slu\u010daju povrede osobnih podataka obavijestit \u0107emo Vas i nadle\u017eno nadzorno tijelo porukom e-po\u0161te u roku 72 sata o razmjerima povrede, obuhva\u0107enim podacima, mo\u017eebitnom utjecaju na na\u0161e usluge i na\u0161im planiranim mjerama za osiguranje podataka i ograni\u010denje bilo kakvih \u0161tetnih u\u010dinaka po pojedince.<\/p>\n<p>Obavijest o povredi Vam ne\u0107emo poslati u slu\u010daju:<\/p>\n<ul>\n<li>ako postoje tehni\u010dke i organizacijske mjere za\u0161tite (poput enkripcije) koje su primijenjene na osobne podatke pogo\u0111ene povredom osobnih podataka, koje te podatke \u010dine nerazumljiva bilo kojoj osobi koja im nije ovla\u0161tena pristupiti;<\/li>\n<li>ako smo poduzeli naknadne mjere kojima se osigurava da vi\u0161e nije vjerojatno da \u0107e do\u0107i do visokog rizika za prava i slobode pojedinaca;<\/li>\n<li>\u00a0ako bi to iziskivalo nerazmjeran napor ( u tom slu\u010daju \u0107emo Vas obavijestiti putem sredstava javnog obavje\u0161\u0107ivanja ili sli\u010dne jednako djelotvorne mjere).<\/li>\n<\/ul>\n<p>Povreda osobnih podataka zna\u010di povredu sigurnosti koja vodi do nenamjernog ili nezakonitog uni\u0161tenja, gubitka, izmjene, neautoriziranog otkrivanja ili pristupa osobnim podacima koji se prenose, \u010duvaju i obra\u0111uju u vezi s nu\u0111enjem na\u0161ih usluga.<\/p>\n","protected":false},"excerpt":{"rendered":"<p>VODITELJ OBRADE PODATAKA Automobili Princip d.o.o. s registriranim sjedi\u0161tem u Matije Gupca 28c, Zapre\u0161i\u0107, voditelj je obrade va\u0161ih osobnih podataka. Politika privatnosti se primjenjuje na sve osobne podatke korisnika koje prikupljamo i obra\u0111ujemo, izravno ili putem svojih partnera. Osobni podatak je svaka informacija, odnosno podatak ili skup podataka koji se odnosi na fizi\u010dku osobu \u010diji je identitet utvr\u0111en ili se mo\u017ee utvrditi, izravno ili neizravno. Obrada podataka je bilo koja radnja izvr\u0161ena na osobnim podacima ili skupovima osobnih podataka, kao \u0161to su prikupljanje, pohrana, upotreba, prilagodba ili izmjena, uvid i prijenos osobnih podataka. Ova Politika se ne primjenjuje na anonimne podatke. Anonimni podatak je podatak koji se ne mo\u017ee povezati s odre\u0111enom fizi\u010dkom osobom. Ako imate ikakvih pitanja vezano uz na\u0161u upotrebu va\u0161ih podataka, molimo da se prvo obratite: Poslovna jedinica: Automobili Princip d.o.o Velimira \u0160korpika 14b Jankomir, Zagreb +385 1 3460 222 gdpr@automobili-princip.hr&#8230;<\/p>\n","protected":false},"author":1,"featured_media":0,"parent":0,"menu_order":0,"comment_status":"closed","ping_status":"closed","template":"","meta":{"footnotes":""},"class_list":["post-8303","page","type-page","status-publish","hentry"],"brizy_attachment_focal_point":"","_links":{"self":[{"href":"https:\/\/automobili-princip.hr\/index.php?rest_route=\/wp\/v2\/pages\/8303","targetHints":{"allow":["GET"]}}],"collection":[{"href":"https:\/\/automobili-princip.hr\/index.php?rest_route=\/wp\/v2\/pages"}],"about":[{"href":"https:\/\/automobili-princip.hr\/index.php?rest_route=\/wp\/v2\/types\/page"}],"author":[{"embeddable":true,"href":"https:\/\/automobili-princip.hr\/index.php?rest_route=\/wp\/v2\/users\/1"}],"replies":[{"embeddable":true,"href":"https:\/\/automobili-princip.hr\/index.php?rest_route=%2Fwp%2Fv2%2Fcomments&post=8303"}],"version-history":[{"count":3,"href":"https:\/\/automobili-princip.hr\/index.php?rest_route=\/wp\/v2\/pages\/8303\/revisions"}],"predecessor-version":[{"id":8306,"href":"https:\/\/automobili-princip.hr\/index.php?rest_route=\/wp\/v2\/pages\/8303\/revisions\/8306"}],"wp:attachment":[{"href":"https:\/\/automobili-princip.hr\/index.php?rest_route=%2Fwp%2Fv2%2Fmedia&parent=8303"}],"curies":[{"name":"wp","href":"https:\/\/api.w.org\/{rel}","templated":true}]}}