{"id":496,"date":"2013-05-23T13:22:31","date_gmt":"2013-05-23T13:22:31","guid":{"rendered":"http:\/\/localhost\/whb\/?page_id=496"},"modified":"2016-09-02T13:42:13","modified_gmt":"2016-09-02T13:42:13","slug":"o-nama","status":"publish","type":"page","link":"https:\/\/automobili-princip.hr\/?page_id=496","title":{"rendered":"O nama"},"content":{"rendered":"<p style=\"text-align: justify;\"><span style=\"color: #000000;\">U petnaestu godinu uspje\u0161nog poslovanja ulazimo kao vode\u0107i ponu\u0111a\u010d rabljenih vozila u Hrvatskoj, oslonjeni na uglednog njema\u010dkog dobavlja\u010da i preporuke mno\u0161tva na\u0161ih zadovoljnih kupaca. Uvoz vozila s ograni\u010denog i atraktivnog tr\u017ei\u0161ta, prilago\u0111avanje ponude potrebama i mogu\u0107nostima svakog kupca, pru\u017eanje uvida u tehni\u010dko stanje i povijest vozila, tehni\u010dko savjetovanje i preporuke pri izboru vozila, su\u0161tina su na\u0161e poslovne vizije, razvoja i ugleda.<\/span><\/p>\n<p style=\"text-align: justify;\"><span style=\"color: #000000;\">Nabavka i uvoz vozila prema \u017eelji kupca \u2013 posebna je pogodnost na\u0161eg salona. Prije dopremanja na hrvatsko tr\u017ei\u0161te na\u0161a vozila prolaze detaljan pregled vode\u0107e njema\u010dke nacionalne certifikatorske ku\u0107e T\u00dcV. Zapisnik i fotoelaborat o tom pregledu sastavni su dio na\u0161e informativne ponude.<\/span><\/p>\n<p style=\"text-align: justify;\"><span style=\"color: #000000;\">Vozila prolaze besprijekoran pregled i kemijsko \u010di\u0161\u0107enje prije prodaje. Vjerodostojnost iskazane kilometra\u017ee jam\u010dimo ugovornom klauzulom te nudimo testnu vo\u017enju. Kupcima omogu\u0107avamo pregled stanja ispravnosti u ovla\u0161tenom servisu. Razgovorima o prosje\u010dnoj prije\u0111enoj godi\u0161njoj kilometra\u017ei, relacijama vo\u017enje, uzrastu i broju \u010dlanova obitelji, volumenu prtlja\u017enika, potro\u0161nji goriva i tro\u0161kovima odr\u017eavanja, brojnim smo kupcima osigurali u\u0161tede i prikladan izbor vozila. Na\u0161 na\u010din poslovanja nema ni\u010deg zajedni\u010dkog s ponudama poput \u201eMobile D\u201c, \u201eAutoscout\u201c i sli\u010dnom preprodajom vozila s bilo kojeg otvorenog inozemnog tr\u017ei\u0161ta te svim neizvjesnostima koje prate takve izvore nabave.<\/span><\/p>\n","protected":false},"excerpt":{"rendered":"<p>U petnaestu godinu uspje\u0161nog poslovanja ulazimo kao vode\u0107i ponu\u0111a\u010d rabljenih vozila u Hrvatskoj, oslonjeni na uglednog njema\u010dkog dobavlja\u010da i preporuke mno\u0161tva na\u0161ih zadovoljnih kupaca. Uvoz vozila s ograni\u010denog i atraktivnog tr\u017ei\u0161ta, prilago\u0111avanje ponude potrebama i mogu\u0107nostima svakog kupca, pru\u017eanje uvida u tehni\u010dko stanje i povijest vozila, tehni\u010dko savjetovanje i preporuke pri izboru vozila, su\u0161tina su na\u0161e poslovne vizije, razvoja i ugleda. Nabavka i uvoz vozila prema \u017eelji kupca \u2013 posebna je pogodnost na\u0161eg salona. Prije dopremanja na hrvatsko tr\u017ei\u0161te na\u0161a vozila prolaze detaljan pregled vode\u0107e njema\u010dke nacionalne certifikatorske ku\u0107e T\u00dcV. Zapisnik i fotoelaborat o tom pregledu sastavni su dio na\u0161e informativne ponude. Vozila prolaze besprijekoran pregled i kemijsko \u010di\u0161\u0107enje prije prodaje. Vjerodostojnost iskazane kilometra\u017ee jam\u010dimo ugovornom klauzulom te nudimo testnu vo\u017enju. Kupcima omogu\u0107avamo pregled stanja ispravnosti u ovla\u0161tenom servisu. Razgovorima o prosje\u010dnoj prije\u0111enoj godi\u0161njoj kilometra\u017ei, relacijama vo\u017enje, uzrastu i broju \u010dlanova obitelji, volumenu prtlja\u017enika,&#8230;<\/p>\n","protected":false},"author":1,"featured_media":0,"parent":0,"menu_order":0,"comment_status":"open","ping_status":"closed","template":"","meta":{"footnotes":""},"class_list":["post-496","page","type-page","status-publish","hentry"],"brizy_attachment_focal_point":"","_links":{"self":[{"href":"https:\/\/automobili-princip.hr\/index.php?rest_route=\/wp\/v2\/pages\/496","targetHints":{"allow":["GET"]}}],"collection":[{"href":"https:\/\/automobili-princip.hr\/index.php?rest_route=\/wp\/v2\/pages"}],"about":[{"href":"https:\/\/automobili-princip.hr\/index.php?rest_route=\/wp\/v2\/types\/page"}],"author":[{"embeddable":true,"href":"https:\/\/automobili-princip.hr\/index.php?rest_route=\/wp\/v2\/users\/1"}],"replies":[{"embeddable":true,"href":"https:\/\/automobili-princip.hr\/index.php?rest_route=%2Fwp%2Fv2%2Fcomments&post=496"}],"version-history":[{"count":10,"href":"https:\/\/automobili-princip.hr\/index.php?rest_route=\/wp\/v2\/pages\/496\/revisions"}],"predecessor-version":[{"id":1790,"href":"https:\/\/automobili-princip.hr\/index.php?rest_route=\/wp\/v2\/pages\/496\/revisions\/1790"}],"wp:attachment":[{"href":"https:\/\/automobili-princip.hr\/index.php?rest_route=%2Fwp%2Fv2%2Fmedia&parent=496"}],"curies":[{"name":"wp","href":"https:\/\/api.w.org\/{rel}","templated":true}]}}